 the prime factors of 560508357?
3, 186836119
What are the prime factors of 68931680?
2, 5, 430823
List the prime factors of 3429046612.
2, 97, 1901, 4649
What are the prime factors of 28133954?
2, 41, 43, 79, 101
What are the prime factors of 3575679998?
2, 11, 137, 293, 4049
List the prime factors of 46574159.
199, 283, 827
List the prime factors of 1194734624.
2, 37335457
List the prime factors of 156745760.
2, 5, 239, 4099
What are the prime factors of 332535509?
131, 331, 7669
List the prime factors of 216278694.
2, 3, 29, 167, 827
List the prime factors of 943138806.
2, 3, 37, 223, 19051
What are the prime factors of 350107568?
2, 21881723
List the prime factors of 5480029289.
7, 23, 107, 318107
List the prime factors of 1094259155.
5, 11, 23, 197, 4391
What are the prime factors of 1680111709?
17987, 93407
List the prime factors of 1875237697.
43, 43610179
List the prime factors of 43341526.
2, 21670763
What are the prime factors of 556631594?
2, 2957, 94121
List the prime factors of 251745712.
2, 991, 15877
What are the prime factors of 42072237?
3, 937, 1663
What are the prime factors of 8991914?
2, 29, 229, 677
What are the prime factors of 4943319229?
23, 83, 193, 13417
What are the prime factors of 1557849212?
2, 199, 1957097
List the prime factors of 2153951761.
13, 4373, 37889
What are the prime factors of 42976355?
5, 1619, 5309
What are the prime factors of 930462606?
2, 3, 37, 97, 4801
List the prime factors of 298164302.
2, 19, 587, 13367
What are the prime factors of 15537078?
2, 3, 109, 7919
List the prime factors of 3970701986.
2, 25111, 79063
List the prime factors of 102220537.
2963, 34499
What are the prime factors of 412348722?
2, 3, 271, 367, 691
List the prime factors of 58526580.
2, 3, 5, 7, 17, 1171
What are the prime factors of 166203535?
5, 33240707
What are the prime factors of 339197206?
2, 233, 727891
What are the prime factors of 98563152?
2, 3, 467, 4397
List the prime factors of 69626583.
3, 13, 19, 31321
List the prime factors of 8107512.
2, 3, 7, 48259
What are the prime factors of 121452557?
121452557
List the prime factors of 1786133841.
3, 109, 283, 19301
List the prime factors of 99823646.
2, 13, 89, 179, 241
What are the prime factors of 1668671986?
2, 834335993
List the prime factors of 41525276.
2, 13, 223, 3581
List the prime factors of 856835665.
5, 7, 24481019
List the prime factors of 6232168889.
37, 479, 351643
What are the prime factors of 30498137?
41, 43, 17299
What are the prime factors of 2789367410?
2, 5, 5209, 53549
List the prime factors of 594859469.
594859469
What are the prime factors of 3224377424?
2, 201523589
What are the prime factors of 51774440?
2, 5, 1294361
What are the prime factors of 115447370?
2, 5, 3307, 3491
What are the prime factors of 277048348?
2, 19, 3645373
What are the prime factors of 46980754?
2, 29, 810013
List the prime factors of 215116548.
2, 3, 29, 271, 2281
What are the prime factors of 791021531?
421, 1878911
What are the prime factors of 110144760?
2, 3, 5, 11, 83443
List the prime factors of 152316454.
2, 31, 83, 29599
List the prime factors of 47622319.
223, 213553
What are the prime factors of 53779529?
1721, 31249
List the prime factors of 159729257.
19, 241, 34883
What are the prime factors of 100440400?
2, 5, 293, 857
List the prime factors of 838291562.
2, 3911, 107171
List the prime factors of 4128697138.
2, 53, 157, 248089
List the prime factors of 53492277.
3, 19, 349, 2689
What are the prime factors of 115741795?
5, 13, 1780643
What are the prime factors of 17118453?
3, 11, 518741
What are the prime factors of 422857606?
2, 211428803
What are the prime factors of 35019561?
3, 11673187
List the prime factors of 3552635713.
11, 19, 16998257
What are the prime factors of 26418187?
17, 661, 2351
List the prime factors of 96745009.
2099, 46091
List the prime factors of 51745009.
23, 2249783
List the prime factors of 490912099.
490912099
What are the prime factors of 34461945?
3, 5, 7, 15629
List the prime factors of 46229519.
7, 6604217
What are the prime factors of 391530156?
2, 3, 41, 795793
List the prime factors of 109095231.
3, 7, 31, 103, 1627
What are the prime factors of 88027500?
2, 3, 5, 11, 97
What are the prime factors of 430935634?
2, 419, 514243
What are the prime factors of 1469515190?
2, 5, 11, 13, 17, 60449
What are the prime factors of 848775?
3, 5, 11317
What are the prime factors of 14162093?
11, 43, 79, 379
List the prime factors of 267641636.
2, 1373, 48733
List the prime factors of 185889810.
2, 3, 5, 6196327
List the prime factors of 312635752.
2, 11, 13, 273283
List the prime factors of 230281341.
3, 47, 1633201
List the prime factors of 3324285501.
3, 157, 7057931
List the prime factors of 127220592.
2, 3, 2650429
List the prime factors of 2670731412.
2, 3, 222560951
List the prime factors of 210508003.
83, 2536241
List the prime factors of 2081070577.
2081070577
What are the prime factors of 30236395?
5, 7, 863897
What are the prime factors of 670062733?
823, 814171
List the prime factors of 1965688349.
79, 24882131
List the prime factors of 8593650.
2, 3, 5, 13, 113
What are the prime factors of 202110386?
2, 2731, 37003
What are the prime factors of 126746577?
3, 17, 828409
What are the prime factors of 21793232?
2, 263, 5179
List the prime factors of 747082555.
5, 61, 2449451
What are the prime factors of 1744284835?
5, 19, 313, 58661
What are the prime factors of 2184184347?
3, 151, 461, 10459
List the prime factors of 2899652555.
5, 579930511
List the prime factors of 47382617.
47382617
What are the prime factors of 2296531047?
3, 853, 897433
List the prime factors of 254483326.
2, 6971, 18253
What are the prime factors of 118150988?
2, 29, 1018543
What are the prime factors of 255259497?
3, 23, 3699413
What are the prime factors of 2065971729?
3, 61, 107, 105509
List the prime factors of 180709864.
2, 17, 1328749
List the prime factors of 18553797.
3, 2061533
List the prime factors of 147061947.
3, 193, 253993
What are the prime factors of 1457799284?
2, 389, 936889
What are the prime factors of 352010397?
3, 19, 89, 69389
List the prime factors of 132289703.
7, 13, 109, 13337
What are the prime factors of 217620607?
673, 323359
What are the prime factors of 97798777?
97798777
List the prime factors of 6771165483.
3, 31, 72808231
List the prime factors of 441742769.
13, 33980213
List the prime factors of 277609668.
2, 3, 7, 37, 179, 499
What are the prime factors of 814197150?
2, 3, 5, 13, 17, 2729
What are the prime factors of 22621134?
2, 3, 19, 31, 37, 173
What are the prime factors of 260047831?
101, 2574731
What are the prime factors of 1979054907?
3, 659684969
List the prime factors of 359247285.
3, 5, 397, 6703
What are the prime factors of 61739852?
2, 17, 397, 2287
What are the prime factors of 1368617953?
1368617953
List the prime factors of 4757485276.
2, 1189371319
List the prime factors of 182710888.
2, 83, 275167
List the prime factors of 592518595.
5, 17, 211, 33037
What are the prime factors of 368735005?
5, 647, 113983
List the prime factors of 180662174.
2, 7, 11, 137, 8563
List the prime factors of 2170846167.
3, 7, 14767661
What are the prime factors of 430801069?
430801069
What are the prime factors of 41054185?
5, 8210837
List the prime factors of 2085250084.
2, 43, 127, 95461
List the prime factors of 563646594.
2, 3, 7, 17, 859, 919
List the prime factors of 440280952.
2, 55035119
What are the prime factors of 121052333?
1283, 94351
List the prime factors of 19578807.
3, 67, 79, 137
What are the prime factors of 12503934?
2, 3, 41, 16943
List the prime factors of 1536149712.
2, 3, 32003119
What are the prime factors of 47759730?
2, 3, 5, 19, 23, 3643
What are the prime factors of 110194425?
3, 5, 11, 17, 97
What are the prime factors of 5120063474?
2, 131, 19542227
List the prime factors of 10328883.
3, 37, 93053
List the prime factors of 863471446.
2, 17, 25396219
What are the prime factors of 120519983?
19, 293, 21649
What are the prime factors of 12528077?
23, 544699
List the prime factors of 1251836154.
2, 3, 269, 86179
List the prime factors of 889306057.
17, 52312121
List the prime factors of 915121743.
3, 43, 271, 26177
What are the prime factors of 2576540472?
2, 3, 11, 1483, 6